{"id":16,"date":"2015-09-25T19:56:15","date_gmt":"2015-09-25T19:56:15","guid":{"rendered":"http:\/\/www.lespionniers.ch\/WP\/?page_id=16"},"modified":"2021-11-02T16:07:46","modified_gmt":"2021-11-02T16:07:46","slug":"competiteurs","status":"publish","type":"page","link":"http:\/\/www.lespionniers.ch\/index.php\/competiteurs\/","title":{"rendered":"Comp\u00e9titions"},"content":{"rendered":"[vc_row][vc_column width=&#8221;1\/2&#8243;][vc_single_image image=&#8221;1824&#8243; img_size=&#8221;large&#8221;][\/vc_column][vc_column width=&#8221;1\/2&#8243;]<section class=\"widget-container aux-widget-text aux-parent-auc9c029fa\">        <div class=\"aux-widget-advanced-text aux-wrap-style-simple aux-ico-pos-top aux-text-left aux-text-resp-left aux-text-color-dark aux-text-widget-bg-center  \" >\n        \n            \n            <div class=\"aux-text-inner aux-text-widget-content\">\n                                <h4 class=\"col-title\">Net+ Nordix Trophy<\/h4>\n                                <div class=\"widget-content\">\n                                        Ce circuit <strong>valaisan<\/strong> pour les <strong>moins de 16 ans<\/strong> comprend <strong>5 \u00e9tapes ludiques<\/strong> sans pression de chronom\u00e8tre.<\/p>\n<p>\u00a0PROGRAMME 2021-2022\u00a0:<\/p>\n<p>31.12.21 : 1<sup>\u00e8re<\/sup> \u00e9tape \u00e0 Obergoms<\/p>\n<p>15.01.22 : 2<sup>\u00e8me<\/sup> \u00e9tape \u00e0 Ovronnaz<\/p>\n<p>06.02.22 : 3<sup>\u00e8me<\/sup> \u00e9tape \u00e0 Evol\u00e8ne<\/p>\n<p>26.02.22 : 4<sup>\u00e8me<\/sup> \u00e9tape \u00e0 Champ\u00e9ry<\/p>\n<p>12.03.22\u00a0: 5<sup>\u00e8me<\/sup> \u00e9tape \u00e0 Plamproz                <\/div>\n                            <\/div>\n        <\/div>\n                    <div class=\"aux-text-widget-footer\">\n                <div class=\"aux-border-shape-none \">\n                                <\/div>\n            <\/div>\n        \n<\/section><!-- widget-container -->[\/vc_column][\/vc_row][vc_row][vc_column width=&#8221;1\/2&#8243;][vc_single_image image=&#8221;1803&#8243; img_size=&#8221;large&#8221;][\/vc_column][vc_column width=&#8221;1\/2&#8243;]<section class=\"widget-container aux-widget-text aux-parent-au8f5b4791\">        <div class=\"aux-widget-advanced-text aux-wrap-style-simple aux-ico-pos-top aux-text-left aux-text-resp-left aux-text-color-dark aux-text-widget-bg-center  \" >\n        \n            \n            <div class=\"aux-text-inner aux-text-widget-content\">\n                                <h4 class=\"col-title\">Kids Nordic Tour<\/h4>\n                                <div class=\"widget-content\">\n                                        Ce circuit <strong>romand<\/strong> pour les <strong>moins de 16 ans<\/strong> comprend <strong>4 \u00e9tapes <\/strong>et une finale des clubs.<\/p>\n<p>\u00a0PROGRAMME 2021-2022\u00a0:<\/p>\n<p>12.12.21\u00a0: 1<sup>\u00e8re<\/sup> \u00e9tape \u00e0 Albeuve (FR) \u2013 classique<\/p>\n<p>08.01.22\u00a0: 2<sup>\u00e8me<\/sup> \u00e9tape aux Breuleux (JU) \u2013 classique<\/p>\n<p>29.01.22\u00a0: 3<sup>\u00e8me<\/sup> \u00e9tape aux Plans-sur-Bex (VD) \u2013 skating<\/p>\n<p><em>\u00a0\u00a0\u00a0\u00a0\u00a0\u00a0\u00a0\u00a0\u00a0\u00a0\u00a0\u00a0\u00a0\u00a0\u00a0\u00a0\u00a0\u00a0 <strong>CHAMPIONNATS ROMANDS 2022<\/strong><\/em><\/p>\n<p><em>12.03.22\u00a0: 4<sup>\u00e8me<\/sup> \u00e9tape \u00e0 Plamproz (VS) \u2013 skating<\/em><\/p>\n<p><em>26.03.22\u00a0: Mini-ski 24 \u2013 finale des clubs au col des Mosses (VD) \u2013 skating <\/em><\/p>\n<p>\u00a0                <\/div>\n                            <\/div>\n        <\/div>\n                    <div class=\"aux-text-widget-footer\">\n                <div class=\"aux-border-shape-none \">\n                                <\/div>\n            <\/div>\n        \n<\/section><!-- widget-container -->[\/vc_column][\/vc_row][vc_row][vc_column width=&#8221;1\/2&#8243;][vc_single_image image=&#8221;1795&#8243; img_size=&#8221;large&#8221;][\/vc_column][vc_column width=&#8221;1\/2&#8243;]<section class=\"widget-container aux-widget-text aux-parent-auf955cc0b\">        <div class=\"aux-widget-advanced-text aux-wrap-style-simple aux-ico-pos-top aux-text-left aux-text-resp-left aux-text-color-dark aux-text-widget-bg-center  \" >\n        \n            \n            <div class=\"aux-text-inner aux-text-widget-content\">\n                                <h4 class=\"col-title\">Helvetia Nordic Trophy<\/h4>\n                                <div class=\"widget-content\">\n                                        Ce circuit <strong>national<\/strong> pour les <strong>moins de 16 ans<\/strong> comprend <strong>4 \u00e9tapes<\/strong>.<\/p>\n<p>PROGRAMME 2021-2022\u00a0:<\/p>\n<p>19.12.21 : 1<sup>\u00e8re<\/sup> \u00e9tape \u00e0 La Fouly (VS) \u2013 mass start classique<\/p>\n<p>23.01.22\u00a0: 2<sup>\u00e8me<\/sup> \u00e9tape \u00e0 Marbach (LU) \u2013 individuel libre<\/p>\n<p>19-20.02.22\u00a0: 3<sup>\u00e8me<\/sup> \u00e9tape \u00e0 Davos (GR) \u2013 individuel classique et relais libre<\/p>\n<p><strong>CHAMPIONNATS SUISSES 2022<\/strong><\/p>\n<p>19-20.03.22\u00a0: 4<sup>\u00e8me<\/sup> \u00e9tape \u00e0 Lenzerheide (GR) \u2013 XCX classique, d\u00e9part en ligne libre                <\/div>\n                            <\/div>\n        <\/div>\n                    <div class=\"aux-text-widget-footer\">\n                <div class=\"aux-border-shape-none \">\n                                <\/div>\n            <\/div>\n        \n<\/section><!-- widget-container -->[\/vc_column][\/vc_row]\n","protected":false},"excerpt":{"rendered":"<p>[vc_row][vc_column width=&#8221;1\/2&#8243;][vc_single_image image=&#8221;1824&#8243; img_size=&#8221;large&#8221;][\/vc_column][vc_column width=&#8221;1\/2&#8243;][\/vc_column][\/vc_row][vc_row][vc_column width=&#8221;1\/2&#8243;][vc_single_image image=&#8221;1803&#8243; img_size=&#8221;large&#8221;][\/vc_column][vc_column width=&#8221;1\/2&#8243;][\/vc_column][\/vc_row][vc_row][vc_column width=&#8221;1\/2&#8243;][vc_single_image image=&#8221;1795&#8243; img_size=&#8221;large&#8221;][\/vc_column][vc_column width=&#8221;1\/2&#8243;][\/vc_column][\/vc_row]<\/p>\n","protected":false},"author":1,"featured_media":0,"parent":0,"menu_order":0,"comment_status":"closed","ping_status":"closed","template":"","meta":{"ngg_post_thumbnail":0,"footnotes":""},"_links":{"self":[{"href":"http:\/\/www.lespionniers.ch\/index.php\/wp-json\/wp\/v2\/pages\/16"}],"collection":[{"href":"http:\/\/www.lespionniers.ch\/index.php\/wp-json\/wp\/v2\/pages"}],"about":[{"href":"http:\/\/www.lespionniers.ch\/index.php\/wp-json\/wp\/v2\/types\/page"}],"author":[{"embeddable":true,"href":"http:\/\/www.lespionniers.ch\/index.php\/wp-json\/wp\/v2\/users\/1"}],"replies":[{"embeddable":true,"href":"http:\/\/www.lespionniers.ch\/index.php\/wp-json\/wp\/v2\/comments?post=16"}],"version-history":[{"count":13,"href":"http:\/\/www.lespionniers.ch\/index.php\/wp-json\/wp\/v2\/pages\/16\/revisions"}],"predecessor-version":[{"id":1896,"href":"http:\/\/www.lespionniers.ch\/index.php\/wp-json\/wp\/v2\/pages\/16\/revisions\/1896"}],"wp:attachment":[{"href":"http:\/\/www.lespionniers.ch\/index.php\/wp-json\/wp\/v2\/media?parent=16"}],"curies":[{"name":"wp","href":"https:\/\/api.w.org\/{rel}","templated":true}]}}